{"id":198,"date":"2022-01-10T19:52:59","date_gmt":"2022-01-10T19:52:59","guid":{"rendered":"https:\/\/www.sowyslodkiswiat.pl\/?page_id=198"},"modified":"2022-03-16T21:00:11","modified_gmt":"2022-03-16T21:00:11","slug":"o-mnie","status":"publish","type":"page","link":"https:\/\/www.sowyslodkiswiat.pl\/index.php\/strona-glowna\/o-mnie\/","title":{"rendered":"O mnie"},"content":{"rendered":"\t\t<div data-elementor-type=\"wp-page\" data-elementor-id=\"198\" class=\"elementor elementor-198\">\n\t\t\t\t\t\t\t\t\t<section class=\"has_eae_slider elementor-section elementor-top-section elementor-element elementor-element-45cd499 elementor-section-boxed elementor-section-height-default elementor-section-height-default\" data-id=\"45cd499\" data-element_type=\"section\" data-settings=\"{&quot;_ha_eqh_enable&quot;:false}\">\n\t\t\t\t\t\t<div class=\"elementor-container elementor-column-gap-default\">\n\t\t\t\t\t<div class=\"has_eae_slider elementor-column elementor-col-100 elementor-top-column elementor-element elementor-element-64abec7\" data-id=\"64abec7\" data-element_type=\"column\">\n\t\t\t<div class=\"elementor-widget-wrap elementor-element-populated\">\n\t\t\t\t\t\t\t\t<div class=\"elementor-element elementor-element-ea376c4 elementor-widget elementor-widget-heading\" data-id=\"ea376c4\" data-element_type=\"widget\" data-widget_type=\"heading.default\">\n\t\t\t\t<div class=\"elementor-widget-container\">\n\t\t\t<style>\/*! elementor - v3.6.6 - 08-06-2022 *\/\n.elementor-heading-title{padding:0;margin:0;line-height:1}.elementor-widget-heading .elementor-heading-title[class*=elementor-size-]>a{color:inherit;font-size:inherit;line-height:inherit}.elementor-widget-heading .elementor-heading-title.elementor-size-small{font-size:15px}.elementor-widget-heading .elementor-heading-title.elementor-size-medium{font-size:19px}.elementor-widget-heading .elementor-heading-title.elementor-size-large{font-size:29px}.elementor-widget-heading .elementor-heading-title.elementor-size-xl{font-size:39px}.elementor-widget-heading .elementor-heading-title.elementor-size-xxl{font-size:59px}<\/style><h2 class=\"elementor-heading-title elementor-size-default\">O MNIE<\/h2>\t\t<\/div>\n\t\t\t\t<\/div>\n\t\t\t\t<div class=\"elementor-element elementor-element-0199082 elementor-widget elementor-widget-text-editor\" data-id=\"0199082\" data-element_type=\"widget\" data-widget_type=\"text-editor.default\">\n\t\t\t\t<div class=\"elementor-widget-container\">\n\t\t\t<style>\/*! elementor - v3.6.6 - 08-06-2022 *\/\n.elementor-widget-text-editor.elementor-drop-cap-view-stacked .elementor-drop-cap{background-color:#818a91;color:#fff}.elementor-widget-text-editor.elementor-drop-cap-view-framed .elementor-drop-cap{color:#818a91;border:3px solid;background-color:transparent}.elementor-widget-text-editor:not(.elementor-drop-cap-view-default) .elementor-drop-cap{margin-top:8px}.elementor-widget-text-editor:not(.elementor-drop-cap-view-default) .elementor-drop-cap-letter{width:1em;height:1em}.elementor-widget-text-editor .elementor-drop-cap{float:left;text-align:center;line-height:1;font-size:50px}.elementor-widget-text-editor .elementor-drop-cap-letter{display:inline-block}<\/style>\t\t\t\t<div>Nazywam si\u0119 Anna Sowa z domu Buczak , niespe\u0142na 7 lat temu porzuci\u0142am wygodny etat w firmie aby jako cukiernik samouk za\u0142o\u017cy\u0107 w\u0142asna dzia\u0142alno\u015b\u0107 gospodarcz\u0105. Z wykszta\u0142cenia jestem magistrem turystyki i rekreacji jednak z tym zawodem nie zwi\u0105za\u0142am swojej przysz\u0142o\u015bci. Pochodz\u0119 z ma\u0142ej wsi pod Zamo\u015bciem. Wychowa\u0142am si\u0119 w du\u017cej rodzinie gdzie g\u0142\u00f3wn\u0105 rol\u0119 gospodyni pe\u0142ni\u0142a wraz z mam\u0105 moja babcia. Jako mieszka\u0144cy wsi byli\u015bmy samowystarczalni, hodowla zwierz\u0105t, drobiu, liczne uprawy\u00a0 ro\u015blin i zb\u00f3\u017c powodowa\u0142y \u017ce prowadzili\u015bmy ekologiczny tryb \u017cycia. W domu wypieka\u0142o si\u0119 chleb, piek\u0142o si\u0119 pyszne domowe ciasta, tego zapachu nie da si\u0119 wymaza\u0107 z pami\u0119ci\u2026<\/div><div>\u00a0<\/div><div>Kochana babcia to ona zapocz\u0105tkowa\u0142a we mnie mi\u0142o\u015b\u0107 do wypiek\u00f3w. Jako ma\u0142a dziewczynka ucz\u0119szczaj\u0105ca jeszcze do podstaw\u00f3wki potrafi\u0142am ju\u017c upiec dobry biszkopt, sernik czy zrobi\u0107 ciasto dro\u017cd\u017cowe. M\u00f3j rodziny dom by\u0142 zawsze pe\u0142en ludzi i ju\u017c tradycj\u0105 si\u0119 sta\u0142o \u017ce wypieki zawsze kr\u00f3lowa\u0142y na naszym stole ciesz\u0105c podniebienia naszych go\u015bci.<\/div><div>\u00a0<\/div><div>Kiedy\u015b kto\u015b mi powiedzia\u0142 ,, Aniu z ciebie b\u0119dzie wspania\u0142y cukiernik,, J mi\u0142e to s\u0142owa ale w\u00f3wczas nie wi\u0105za\u0142am z tym zawodem przysz\u0142o\u015bci. W mojej okolicy nie by\u0142o szk\u00f3\u0142 kszta\u0142c\u0105cych w tym zawodzie a do miasta by\u0142o daleko i tak min\u0119\u0142o wiele lat w poszukiwaniu siebie\u2026<\/div><div>\u00a0<\/div><div>Moja przygoda z tortami zacz\u0119\u0142a si\u0119 9 lat temu kiedy to na \u00f3sme urodziny swojej c\u00f3rki zakupi\u0142am tort w sieciowej cukierni. Nie do ko\u0144ca jednak spe\u0142ni\u0142 on moje oczekiwania i wtedy pad\u0142y kluczowe dla dalszych zdarze\u0144 s\u0142owa ,,przecie\u017c ja umiem robi\u0107 pyszne ciasta, torty, naucz\u0119 si\u0119 tylko dekorowa\u0107 i za\u0142o\u017c\u0119 w\u0142asn\u0105 firm\u0119. Jak powiedzia\u0142am tak zrobi\u0142am. Nauka dekorowania trwa\u0142a prawie 2 lata i trwa do tej pory. Swoj\u0105 firm\u0119, jednoosobow\u0105 dzia\u0142alno\u015b\u0107 gospodarcz\u0105 za\u0142o\u017cy\u0142am w 2015 roku maj\u0105c jedynie dofinansowanie z urz\u0119du pracy.<\/div><div>\u00a0<\/div><div>I tak oto z marze\u0144, pasji, wyrzecze\u0144 i determinacji powsta\u0142a Pracownia Tort\u00f3w Artystycznych S\u0142odki \u015awiat znajduj\u0105ca si\u0119 nieopodal Legionowa w miejscowo\u015bci Skrzeszew. To miejsce w kt\u00f3rym spe\u0142nia si\u0119 pasja tworzenia, w kt\u00f3rym powstaj\u0105 projekty szyte na miar\u0119 indywidualnych potrzeb klienta, gdzie wypieki powstaj\u0105 w tradycyjny spos\u00f3b w oparciu o naturalne sk\u0142adniki. Moja idea to robi\u0107 tak jak dla siebie, tak jak nauczy\u0142a mnie babcia &#8211; tradycyjnymi metodami, wk\u0142adaj\u0105c w to wszystko serce i mi\u0142o\u015b\u0107 do tego co robi\u0119. Stosuj\u0119 domowe sprawdzone receptury na pierwszymi miejscu stawiaj\u0105c na jako\u015b\u0107 produkt\u00f3w oraz estetyk\u0119 wykonania. Wszystkie dekoracje na tortach, figurki, kwiaty itp. wykonuj\u0119 w\u0142asnor\u0119cznie, ka\u017cdy tort to r\u0119kodzie\u0142o.<\/div><div>\u00a0<\/div><div>Mog\u0119 zatem \u015bmia\u0142o powiedzie\u0107, \u017ce torty to moja \u017cyciowa pasja. W swojej pracowni staram si\u0119 spe\u0142nia\u0107 tortowe marzenia zar\u00f3wno tych ma\u0142ych klient\u00f3w jaki du\u017cych. Moim celem jest wzbudzenie emocji, wzruszenie oraz u\u015bmiech obdarowanych tortem os\u00f3b . Zawsze staram si\u0119 aby te\u017c oryginalny wygl\u0105d szed\u0142 w parze z niezapomnianymi doznaniami smakowymi.<\/div><div>\u00a0<\/div><div>Moja pracownia \u015bwiadczy us\u0142ugi ,,na zam\u00f3wienie,,. W swojej ofercie posiadam kilkana\u015bcie smak\u00f3w tort\u00f3w, pyszne domowe ciasta, ciasteczka, ciasteczka jako wizyt\u00f3wka firmy, bezy, beziki, p\u0105czki, s\u0142odkie sto\u0142y, torty firmowe, weselne, chrzest, komunia, urodziny, imieniny, baby shower, torty dla doros\u0142ych. Do ka\u017cdego zam\u00f3wienia podchodz\u0119 indywidualnie, nie posiadam katalogu, staram si\u0119 nie powiela\u0107 wzor\u00f3w gdy\u017c twierdz\u0119 \u017ce ka\u017cdy jest wyj\u0105tkowy, niepowtarzalny i tak samo wyj\u0105tkowy tort powinien u\u015bwietni\u0107 wa\u017cne uroczysto\u015bci naszego \u017cycia, zar\u00f3wno te prywatne jak i te zawodowe. Bo przecie\u017c przyjmuj\u0105c swoich go\u015bci chcemy ich przyj\u0105\u0107 jak najlepiej i pocz\u0119stowa\u0107 czym\u015b pysznym i pi\u0119knym \u2013 najpierw jemy oczami, nieprawda\u017c?<\/div><div>\u00a0<\/div><div>Jako firma staram si\u0119 dzia\u0142a\u0107 spo\u0142ecznie, wspieram wiele przedsi\u0119wzi\u0119\u0107 w powiecie legionowskim jak i w Warszawie, dzia\u0142am charytatywnie na rzecz potrzebuj\u0105cych i chorych dzieci.<\/div><div>\u00a0<\/div><div>Moja firma zosta\u0142a dwukrotnie wyr\u00f3\u017cniona jako ,,Firma odpowiedzialna spo\u0142ecznie,, , dosta\u0142a oznaczenie Lidera na legionowskim rynku pracy, Kobiecy Laur za bycie wzorem przedsi\u0119biorczo\u015bci dla innych kobiet, Diament kobiecego biznesu za odwag\u0119 w\u00a0 podejmowaniu zawodowych wyzwa\u0144 oraz wiarygodno\u015b\u0107 marki, Lwic\u0119 Biznesu jako nagrod\u0119 za odwag\u0119 w d\u0105\u017ceniu do sukcesu i za determinacj\u0119 w biznesie, otrzyma\u0142am statuetk\u0119 Osobowo\u015b\u0107 Roku 2019, a w zestawieniu opinii klient\u00f3w trzykrotnie otrzyma\u0142am najwy\u017csze wyr\u00f3\u017cnienie Z\u0142otych Or\u0142\u00f3w Cukiernictwa. \u00a0W 2020 roku Europejskie Forum Przedsi\u0119biorczo\u015bci przyzna\u0142o mi statuetk\u0119 Bizona Biznesu<\/div><div>\u00a0<\/div><div>Kocham ludzi, mam w sobie ogromne pok\u0142ady empatii, wyznaj\u0119 zasad\u0119 ,, \u017cycie to echo, co dajesz-dostajesz, co siejesz- zbierasz, co wysy\u0142asz-wraca, co widzisz w innych &#8211; jest w Tobie.<\/div><div>\u00a0<\/div><div>Na koniec dodam jeszcze cytat kt\u00f3ry przy\u015bwieca mi od pocz\u0105tku ,, Wybieraj\u0105c r\u0119kodzie\u0142o nie kupujesz rzeczy. Nabywasz czyj\u0105\u015b pasj\u0119, wyobra\u017ani\u0119, kawa\u0142ek serca, kawa\u0142ek duszy,,<\/div><div>\u00a0<\/div><div>Zatem zapraszam Pa\u0144stwa do mojej Pracowni<\/div>\t\t\t\t\t\t<\/div>\n\t\t\t\t<\/div>\n\t\t\t\t\t<\/div>\n\t\t<\/div>\n\t\t\t\t\t\t\t<\/div>\n\t\t<\/section>\n\t\t\t\t\t\t\t<\/div>\n\t\t","protected":false},"excerpt":{"rendered":"<p>O MNIE Nazywam si\u0119 Anna Sowa z domu Buczak , niespe\u0142na 7 lat temu porzuci\u0142am wygodny etat w firmie aby jako cukiernik samouk za\u0142o\u017cy\u0107 w\u0142asna dzia\u0142alno\u015b\u0107 gospodarcz\u0105. Z wykszta\u0142cenia jestem magistrem turystyki i rekreacji jednak z tym zawodem nie zwi\u0105za\u0142am swojej przysz\u0142o\u015bci. Pochodz\u0119 z ma\u0142ej wsi pod Zamo\u015bciem. Wychowa\u0142am si\u0119 w du\u017cej rodzinie gdzie g\u0142\u00f3wn\u0105 [&hellip;]<\/p>\n","protected":false},"author":1,"featured_media":0,"parent":34,"menu_order":0,"comment_status":"closed","ping_status":"closed","template":"elementor_header_footer","meta":[],"_links":{"self":[{"href":"https:\/\/www.sowyslodkiswiat.pl\/index.php\/wp-json\/wp\/v2\/pages\/198"}],"collection":[{"href":"https:\/\/www.sowyslodkiswiat.pl\/index.php\/wp-json\/wp\/v2\/pages"}],"about":[{"href":"https:\/\/www.sowyslodkiswiat.pl\/index.php\/wp-json\/wp\/v2\/types\/page"}],"author":[{"embeddable":true,"href":"https:\/\/www.sowyslodkiswiat.pl\/index.php\/wp-json\/wp\/v2\/users\/1"}],"replies":[{"embeddable":true,"href":"https:\/\/www.sowyslodkiswiat.pl\/index.php\/wp-json\/wp\/v2\/comments?post=198"}],"version-history":[{"count":10,"href":"https:\/\/www.sowyslodkiswiat.pl\/index.php\/wp-json\/wp\/v2\/pages\/198\/revisions"}],"predecessor-version":[{"id":663,"href":"https:\/\/www.sowyslodkiswiat.pl\/index.php\/wp-json\/wp\/v2\/pages\/198\/revisions\/663"}],"up":[{"embeddable":true,"href":"https:\/\/www.sowyslodkiswiat.pl\/index.php\/wp-json\/wp\/v2\/pages\/34"}],"wp:attachment":[{"href":"https:\/\/www.sowyslodkiswiat.pl\/index.php\/wp-json\/wp\/v2\/media?parent=198"}],"curies":[{"name":"wp","href":"https:\/\/api.w.org\/{rel}","templated":true}]}}